t the prime factors of b.
2, 7, 11
Let v = 30 - 31. List the prime factors of (1180 - v/(-1))*(-21)/(-63).
3, 131
Let z = 45 + -65. Let k = z - -23. Suppose -f - d = -46, k*d = 2*f - 67 - 30. List the prime factors of f.
47
Let k be (-6 + 6)*(-4 - -3). Suppose m + 4 = k, -m + 4*m = 5*w - 477. What are the prime factors of w?
3, 31
Let c = 46 + 21. Suppose 0 = -1491*r + 1485*r. Suppose r = -j - 1 + c. What are the prime factors of j?
2, 3, 11
Let h(s) = 171*s - 16. Let v(q) = -34*q + 3. Let u(c) = 2*h(c) + 11*v(c). List the prime factors of u(-19).
3, 7, 29
Let d be 3/33 - (-3372)/(-66). Let r = d + 340. List the prime factors of r.
17
Let r(c) = 5*c**3 - 27*c**2 + 65*c + 172. What are the prime factors of r(18)?
2, 73, 149
Let t = -34775 - -58087. List the prime factors of t.
2, 31, 47
Let x(n) = n**3 + 13*n**2 - 15*n - 12. Suppose 4*c - 126 = 13*c. Let m be x(c). Suppose 84 = -m*p + 294. What are the prime factors of p?
3, 5, 7
Suppose 0 = -6*j + 10*j + 111*j - 3908505. What are the prime factors of j?
3, 11329
Let d(c) = c**2 + 15 + 33 - 35 + 0*c - 8*c. Let b be d(9). Suppose 2*v - 6*m = -3*m + 19, 2*m = -3*v + b. List the prime factors of v.
2
Let d(i) = 65*i + 637. What are the prime factors of d(59)?
2, 13, 43
Let k(g) = 2393*g**2 - 114*g - 1. What are the prime factors of k(1)?
2, 17, 67
Let w(o) = o**3 - 4*o**2 + 4*o + 6. Let q be w(4). Suppose 20*g - q*g = 112. Let i = 133 + g. What are the prime factors of i?
7, 11
Suppose -2*h = -39*g + 41*g - 52514, 2*g + 104992 = 4*h. List the prime factors of h.
26251
Let n(u) = -u**2. Let y be n(-3). Let w be (3/y)/(4/(-60)). Suppose j - 573 = -4*s, w*s + j - 725 = -2*j. What are the prime factors of s?
2, 71
Suppose 23*a = -6 + 52. Suppose -a*b + 4*c = -414, -c - 3 - 987 = -5*b. List the prime factors of b.
197
Let o be (-2)/(-9) + (-38436)/(-54). Suppose -1580 = -6*b + o. What are the prime factors of b?
2, 191
Suppose 4*g + 3*d - 1961 = 0, g = -4*g + 4*d + 2459. Let v = g + -146. What are the prime factors of v?
3, 5, 23
Let q = -5649 + 7073. What are the prime factors of q?
2, 89
Suppose 3*g - g = -p + 37, -p - 3 = 0. Suppose -4536 = 14*k - 17*k. Suppose -11*w - k = -g*w. List the prime factors of w.
2, 3, 7
Suppose 3*b = -y + 3044, -229*b - 4 = -227*b. List the prime factors of y.
2, 5, 61
Suppose 27 = -4*z + 5*z + 5*o, -4*o + 10 = -5*z. What are the prime factors of (19 - 16) + 1138/z?
2, 11, 13
Suppose 5*r + 68 = -52. Let k(h) = h**2 + 3*h + 6. Let p be k(-8). Let y = r + p. What are the prime factors of y?
2, 11
Let b = -56803 + 102619. What are the prime factors of b?
2, 3, 23, 83
What are the prime factors of 2/(1808/13410 - (-6)/(-45))?
3, 149
Let v = 15 + -18. What are the prime factors of (26 - (-3 - v))*(9 - -33)?
2, 3, 7, 13
Let n(x) = -x**3 + 25*x**2 - 23*x - 20. Let w be n(24). Suppose h - 407 = -w*i - 0*i, 5*i - 5*h - 515 = 0. List the prime factors of i.
2, 3, 17
Suppose -20*b = -24*b + 3*j + 6, -1 = b - 2*j. Suppose -3*a - 3*v - 133 = -1261, 1126 = b*a + 2*v. What are the prime factors of a?
2, 11, 17
Let p(l) = -5*l + 128*l**2 - 42*l**2 - 41*l**2 - 136 - 43*l**2. What are the prime factors of p(-21)?
23, 37
Let p(j) = j**2 - 21*j + 58. Let d be p(18). Suppose -972 = -d*k - 8. What are the prime factors of k?
241
Suppose -5*h + 13 = 3. Suppose -2*t + 2491 + 2415 = 4*z, 4*t + 2438 = 2*z. Suppose 0 = h*s + 5*s - z. What are the prime factors of s?
5, 7
Suppose -132*j = -130*j - 1020. Suppose 0 = -6*q + 3*q - j. Let m = -43 - q. What are the prime factors of m?
127
What are the prime factors of 462/(-56)*-1225 - 2/8?
2, 31, 163
Let k = 1208 + 8104. List the prime factors of k.
2, 3, 97
Suppose 285*y - 308304 = 288*y. List the prime factors of y/(-72) - (-4)/6.
2, 3, 7, 17
Let p(q) = -5*q**3 - 15*q**2 + 7*q + 3. Let n be p(-9). Suppose -6*m = -7*m + 3*b + 480, 5*b = 5*m - n. List the prime factors of m.
3, 157
Suppose -21243 - 68075 = -34*k. List the prime factors of k.
37, 71
Suppose -197*p - 3372720 = -405*p. What are the prime factors of p?
3, 5, 23, 47
Suppose 8*b + 81 = -15. List the prime factors of (-3)/b*1270*(-110)/(-25).
11, 127
Suppose -2*y = 3*y - 3*v - 255, -2*y - 2*v = -86. Suppose 8*f - 24*f + y = 0. List the prime factors of f.
3
Let v(o) = 1574*o**3 + 2*o**2 + 14*o - 46. What are the prime factors of v(2)?
2, 3, 233
Let g = 108 - 104. Let x be 24/(-18)*6/g. Let n(i) = -42*i - 4. What are the prime factors of n(x)?
2, 5
Suppose -3*x - 3*v = -8*v - 23, 7 = -x - 2*v. List the prime factors of (-68912)/(-730)*((-5)/x)/(-1).
2, 59
Let j(c) = -283*c - 213. Let g be j(6). Let u = g + 3221. List the prime factors of u.
2, 5, 131
Let t(c) = -c**3 - 66*c**2 - 267*c + 266. List the prime factors of t(-63).
2, 5, 7, 37
Suppose 0 = 8*y - 121 + 241. What are the prime factors of ((-24)/y)/4*90/9?
2
What are the prime factors of 3785205/85 + (-90)/(-510)?
2, 3, 1237
Suppose 3*z - 4*z = -3*t - 4, -10 = -2*t. Suppose 0 = z*j - 17*j - 6. Suppose -j*u + 42 = -6. List the prime factors of u.
2
Suppose 5*o - o - 20 = 0. Suppose -o*n + r - 9 = 0, n + 1 + 20 = 5*r. What are the prime factors of 3288/40 + n/5?
2, 41
Suppose 706 - 823 = -7*q + 7793. What are the prime factors of q?
2, 5, 113
Suppose 5*w - 7*w - 2 = 0. Let o be 11/(-4*w/20). Suppose b - 27 = o. List the prime factors of b.
2, 41
Suppose 4*l - 112 = 4*i, 2*l + 32 = 3*l + i. Suppose -25*f + l = -19*f. Suppose -14*t = -f*t - 1899. What are the prime factors of t?
211
Let q(i) = 31*i**2 + 10*i - 1187. What are the prime factors of q(27)?
2, 37, 293
Let s(v) = -v**2 - v + 1. Let m be s(1). Let r be (-9)/(-36) + m/4. Let w(z) = -z**3 - 2*z + 19. List the prime factors of w(r).
19
List the prime factors of 47962*((-144)/32)/(-9).
23981
Suppose -14*y = s - 142 - 286, -1016 = -2*s + 4*y. List the prime factors of s.
2, 3, 83
Suppose 87*g = 86*g - 40. Let i = g - -97. List the prime factors of i.
3, 19
Let k be 44/8 + (-4)/8. Suppose 3*w + 2815 = 5*y - 2606, -k*w = -y + 1071. List the prime factors of y.
2, 3, 181
Let q(g) = 389*g + 52. Let b be q(4). Suppose -290 = 2*d - b. List the prime factors of d.
659
Let w(k) = -k**3 - 11*k**2 + 32*k + 2. Let f be w(-14). Suppose -f*c - 1008 = -146*c. What are the prime factors of c?
2, 3, 7
List the prime factors of 623/445 - (230094/(-15) - -1).
2, 5, 13, 59
Suppose -5*u + 18 = 3. Suppose -u*c = -4*o - 28, 4 = -2*c + 7*c + 4*o. Suppose -4*d - c*f = -120, -d + 28 + 2 = -3*f. What are the prime factors of d?
2, 3, 5
Let z = 0 + 5. Let p be (-20)/18 + ((-100)/45)/(-20). Let q = z + p. What are the prime factors of q?
2
Let v = 270 + 987. What are the prime factors of v?
3, 419
Let r(d) be the third derivative of d**5/10 + 11*d**4/8 + 3*d**3/2 + 51*d**2 - d. What are the prime factors of r(-6)?
3
Let t = -1853 + 7491. What are the prime factors of t?
2, 2819
Let i(x) = 26*x + 92. Suppose 5*m + 90 = 5*j, 140 = 5*j + 4*m + m. List the prime factors of i(j).
2, 3, 5, 23
Let o = 38 - 36. Let g(n) = -10 - 4*n**o + 2*n - 4*n**3 + 5*n**3 + 3*n. List the prime factors of g(5).
2, 5
What are the prime factors of 11/((-220)/16)*4984250/(-100)?
2, 19937
Let g = -2105 + 10566. What are the prime factors of g?
8461
Suppose 0 = -n - 4*n + t + 257, 0 = 2*n - 2*t - 98. Suppose -n*j + 34*j = -19638. List the prime factors of j.
1091
Suppose 2*v + 2*r - 6051 = -939, 2*r = 2*v - 5104. What are the prime factors of v?
2, 1277
Suppose -313764 - 288365 = -40*y - 17969. List the prime factors of y.
2, 3, 1217
Let o = -41 + 31. Let g be o/4 + 1 - (-27)/6. Suppose -4*q + 2*w = -798, -509 - 85 = -g*q - 3*w. What are the prime factors of q?
199
Let g(l) = l**3 + 6*l**2 + 6*l + 9. Let q be g(-5). Suppose -5*f - 78 = -b - 558, q*f - 384 = -2*b. What are the prime factors of f?
2, 3
Suppose 4*x - 8 = 0, -c = -2*x - 0 + 1. List the prime factors of (c - 111/9)*-42.
2, 7
Let d be (-3)/(-6) + (-13)/2. Let p(x) = 2*x**3 + 9*x**2 + 3*x - 16. Let i be p(d). List the prime factors of (i/8)/(3/(-12)).
71
Suppose 0 = r + 10 - 12. Suppose -3*l - 4 = -5*i + 2, -3*l = -r*i + 15. Let f(t) = -t**3 - 3*t**2 + 16*t + 3. What are the prime factors of f(l)?
3, 29
Let r(v) = -v**3 + 4*v**2 - 11*v + 9. Let d be r(4). Let t = d + 581. List the prime factors of t.
2, 3, 7, 13
Let c(a) = 2*a**2 + 26*a. Let r be c(-13). Suppose 5*l - 2*l = -4